actors of 1476259.
1476259
What are the prime factors of 19181118?
2, 3, 11, 290623
What are the prime factors of 510730?
2, 5, 11, 4643
What are the prime factors of 111713?
7, 15959
List the prime factors of 584550.
2, 3, 5, 433
List the prime factors of 1551500.
2, 5, 29, 107
What are the prime factors of 10945508?
2, 7, 331, 1181
List the prime factors of 14898450.
2, 3, 5, 7, 2027
What are the prime factors of 6674396?
2, 19, 53, 1657
What are the prime factors of 248588?
2, 29, 2143
List the prime factors of 6329326.
2, 3164663
List the prime factors of 8808755.
5, 1761751
What are the prime factors of 13828268?
2, 127, 163, 167
What are the prime factors of 85168?
2, 5323
What are the prime factors of 115662?
2, 3, 37, 521
List the prime factors of 301232.
2, 67, 281
What are the prime factors of 12494?
2, 6247
List the prime factors of 2633656.
2, 329207
List the prime factors of 105211.
105211
What are the prime factors of 1908151?
7, 19, 14347
List the prime factors of 43262996.
2, 7, 1545107
List the prime factors of 10073.
7, 1439
What are the prime factors of 3349792?
2, 104681
What are the prime factors of 20680728?
2, 3, 41, 21017
List the prime factors of 567673.
567673
List the prime factors of 3322989.
3, 251, 1471
What are the prime factors of 293243?
127, 2309
List the prime factors of 1917078.
2, 3, 41, 7793
List the prime factors of 2308003.
2308003
What are the prime factors of 13646069?
53, 257473
List the prime factors of 15136987.
17, 71, 12541
What are the prime factors of 182476?
2, 7, 19
What are the prime factors of 7602366?
2, 3, 17, 73, 1021
List the prime factors of 459881.
53, 8677
List the prime factors of 1249909.
311, 4019
List the prime factors of 1595817.
3, 233, 761
What are the prime factors of 1019535?
3, 5, 11, 37, 167
List the prime factors of 5083745.
5, 1016749
What are the prime factors of 78775?
5, 23, 137
What are the prime factors of 1659247?
541, 3067
What are the prime factors of 618297?
3, 43, 4793
List the prime factors of 69303.
3, 13, 1777
List the prime factors of 28285198.
2, 3533, 4003
What are the prime factors of 833260?
2, 5, 61, 683
List the prime factors of 22814147.
257, 88771
What are the prime factors of 694608?
2, 3, 29, 499
List the prime factors of 8242686.
2, 3, 61, 7507
List the prime factors of 461421.
3, 167, 307
What are the prime factors of 263693?
167, 1579
What are the prime factors of 22315454?
2, 7, 863, 1847
List the prime factors of 13027614.
2, 3, 23, 67, 1409
What are the prime factors of 997553?
997553
What are the prime factors of 3493535?
5, 43, 16249
What are the prime factors of 4479356?
2, 7, 159977
What are the prime factors of 253049?
253049
List the prime factors of 329131.
11, 29921
What are the prime factors of 248489?
17, 47, 311
List the prime factors of 260650.
2, 5, 13, 401
List the prime factors of 1393950.
2, 3, 5, 9293
List the prime factors of 569574.
2, 3, 31643
List the prime factors of 85046.
2, 13, 3271
List the prime factors of 7991431.
7, 1141633
What are the prime factors of 187739?
19, 41, 241
What are the prime factors of 2995707?
3, 11, 13, 6983
What are the prime factors of 1682979?
3, 23, 24391
What are the prime factors of 864249?
3, 31, 9293
What are the prime factors of 237353?
71, 3343
What are the prime factors of 411847?
37, 11131
List the prime factors of 823389.
3, 7, 39209
List the prime factors of 13525.
5, 541
List the prime factors of 14710798.
2, 877, 8387
What are the prime factors of 2407482?
2, 3, 7, 11, 193
What are the prime factors of 26564?
2, 29, 229
What are the prime factors of 3392736?
2, 3, 59, 599
List the prime factors of 9684951.
3, 17, 189901
What are the prime factors of 309855?
3, 5, 7, 13, 227
List the prime factors of 898355.
5, 179671
What are the prime factors of 127386?
2, 3, 7, 337
List the prime factors of 1381428.
2, 3, 12791
List the prime factors of 4784885.
5, 7, 136711
What are the prime factors of 935300?
2, 5, 47, 199
What are the prime factors of 2468527?
2468527
List the prime factors of 12636645.
3, 5, 7, 120349
List the prime factors of 3984735.
3, 5, 211, 1259
List the prime factors of 1295767.
11, 117797
What are the prime factors of 24595?
5, 4919
List the prime factors of 78028.
2, 19507
List the prime factors of 4533911.
107, 42373
What are the prime factors of 19900342?
2, 7, 11, 129223
What are the prime factors of 265751?
293, 907
What are the prime factors of 9678257?
29, 107, 3119
List the prime factors of 176397.
3, 13, 4523
List the prime factors of 12211002.
2, 3, 73, 9293
What are the prime factors of 18262591?
19, 961189
What are the prime factors of 1708580?
2, 5, 85429
List the prime factors of 1740601.
643, 2707
What are the prime factors of 82698?
2, 3, 7, 11, 179
What are the prime factors of 1900159?
1900159
List the prime factors of 5506788.
2, 3, 7, 65557
List the prime factors of 442998.
2, 3, 24611
What are the prime factors of 199964?
2, 49991
List the prime factors of 107554.
2, 53777
List the prime factors of 6661857.
3, 571, 3889
List the prime factors of 336070.
2, 5, 7, 4801
What are the prime factors of 1589140?
2, 5, 7, 11351
List the prime factors of 19706202.
2, 3, 89, 12301
List the prime factors of 4980910.
2, 5, 11, 45281
What are the prime factors of 26677520?
2, 5, 19, 17551
List the prime factors of 5179817.
41, 126337
List the prime factors of 9940706.
2, 4970353
What are the prime factors of 271438?
2, 135719
List the prime factors of 1075762.
2, 31, 17351
What are the prime factors of 133252?
2, 7, 4759
List the prime factors of 208923.
3, 11, 13, 487
List the prime factors of 1575475.
5, 11, 17, 337
List the prime factors of 3925245.
3, 5, 151, 1733
List the prime factors of 7051107.
3, 7, 17, 19751
List the prime factors of 418966.
2, 271, 773
What are the prime factors of 191610?
2, 3, 5, 2129
List the prime factors of 331863.
3, 7, 15803
What are the prime factors of 19129028?
2, 163, 29339
What are the prime factors of 20782143?
3, 17, 19, 2383
What are the prime factors of 4965777?
3, 551753
What are the prime factors of 905196?
2, 3, 241, 313
List the prime factors of 20160821.
20160821
List the prime factors of 536164.
2, 311, 431
List the prime factors of 11691605.
5, 79, 29599
List the prime factors of 5607230.
2, 5, 67, 8369
List the prime factors of 240138.
2, 3, 4447
List the prime factors of 258551.
258551
List the prime factors of 13939426.
2, 19, 23, 41, 389
List the prime factors of 1047091.
137, 7643
What are the prime factors of 7080070?
2, 5, 708007
List the prime factors of 1440421.
23, 62627
What are the prime factors of 5184265?
5, 1036853
What are the prime factors of 9837354?
2, 3, 31, 52889
What are the prime factors of 104090?
2, 5, 7, 1487
What are the prime factors of 3757488?
2, 3, 7, 53, 211
What are the prime factors of 132004?
2, 61, 541
What are the prime factors of 1554862?
2, 777431
List the prime factors of 1979332.
2, 59, 8387
What are the prime factors of 266213?
41, 43, 151
List the prime factors of 13049597.
11, 43, 47, 587
List the prime factors of 81633.
3, 27211
What are the prime factors of 865724?
2, 216431
What are the prime factors of 459193?
7, 65599
What are the prime factors of 2661926?
2, 1330963
List the prime factors of 318177.
3, 35353
List the prime factors of 9237463.
1699, 5437
What are the prime factors of 3456788?
2, 233, 3709
List the prime factors of 3530705.
5, 706141
What are the prime factors of 1616415?
3, 5, 107761
List the prime factors of 15958494.
2, 3, 886583
What are the prime factors of 123384?
2, 3, 53, 97
What are the prime factors of 2825771?
13, 217367
What are the prime factors of 362075?
5, 7, 2069
List the prime factors of 216449.
263, 823
List the prime factors of 61815.
3, 5, 13, 317
List the prime factors of 10243627.
137, 74771
What are the prime factors of 160383?
3, 193, 277
List the prime factors of 216756.
2, 3, 223
List the prime factors of 5865941.
5865941
List the prime factors of 5113589.
13, 59, 113
What are the prime factors of 4109801?
17, 23, 457
List the prime factors of 68189.
11, 6199
What are the prime factors of 2485194?
2, 3, 414199
List the prime factors of 7982601.
3, 11, 71, 3407
List the prime factors of 5644367.
5644367
List the 